s**2 + 31*s - 725. Determine r(-10).
-9
Let d(v) = -4*v - 3 + 6*v + 16 + v**2 - 15*v. Give d(12).
1
Let q(y) = -24 + 25 - 3*y**2 + 4*y**3 + 4*y**2 - y. Let x be (-1 - (-30)/18)/(6/9). Give q(x).
5
Let p(w) = w**2 + 4*w**2 - 132 + 131 + 3*w**2. Let g be p(1). Let q(n) = n**2 - 6*n - 2. What is q(g)?
5
Suppose 0 = 34*b - 0 + 170. Let h(o) = o**2 + 11*o + 5. What is h(b)?
-25
Let h = -212 - -207. Let x(n) = n**3 + 4*n**2 - 5*n - 4. Give x(h).
-4
Let o(f) = f + 2. Suppose 24 = 41*x - 37*x. Give o(x).
8
Let c = 6 + -4. Suppose c*f - 38 = -3*q + 22, 2*q + f = 39. Suppose 2*a + 3*d = -q, 0 = -6*d + 2*d - 16. Let p(l) = l**2 + 7*l + 4. Determine p(a).
-8
Let m(s) = s**3 - 8*s**2 - s + 9. Suppose -h + d = 6, 5*d = -0*h + 3*h + 18. Let v(l) = -l**3 - 4*l**2 + 9*l - 10. Let o be v(h). Determine m(o).
1
Let n(t) = 9*t**2 - 11*t + 12. Let q(v) = -7*v**2 + 11*v - 13. Let x(o) = -4*n(o) - 5*q(o). What is x(-12)?
5
Let k(p) = 11*p - 1. Suppose -f + 3 = -0*f. Suppose 3*y - 4 = 2*u, -4*y + 0*u + u + 12 = 0. Suppose 0 = -2*w - f*c + 14, y*w = 2*c - 2 - 2. Give k(w).
10
Let l(t) = -t + 7. Let p = 114 - 123. Give l(p).
16
Let n = -1 - 2. Let g(t) be the first derivative of 0*t + t**2 + 3 + 1/3*t**3. Determine g(n).
3
Let q(j) = j + 6. Let u(v) = 3*v + 13. Let t(z) = 9*q(z) - 4*u(z). Let f(x) = 249*x - 10 - 248*x - 2. Let g be f(14). Give t(g).
-4
Suppose 100 = 24*q + 28. Let c(x) = 2*x + 2. What is c(q)?
8
Let r(o) be the third derivative of -43*o**2 + 0 - 1/6*o**4 - 1/6*o**3 + 0*o. Give r(-1).
3
Suppose -f = 1 + 5. Let s be (0 - -4)*f/4. Let z(m) = -m**3 + m**2 - m - 2. Let g(n) = 5*n**3 - 11*n**2 + 11*n + 10. Let w(o) = -g(o) - 6*z(o). Determine w(s).
-4
Let t be (14/21)/(2/36). Let o be 76/18 + t/(-54). Let w(m) = -4*m + m**2 + o*m + 7*m + 5. What is w(-4)?
-7
Let v(t) = -2*t**2 - 3*t - 2. Let a = -22 + 25. Suppose -5*d + 2*d + 7 = -4*g, 3*g = 5*d + a. Determine v(d).
-11
Let c(v) = -2*v**2 + 6*v - 191 + 97 + 100. Suppose 5 + 15 = 4*k. What is c(k)?
-14
Let o(i) = -i**3 - 3*i**2 + i + 1. Let s(c) = -8*c - 1. Let u be s(3). Let d = 172 + -201. Let a = d - u. Calculate o(a).
13
Let i(s) = 33*s - 11*s - 2 - 20*s. Calculate i(-4).
-10
Let w(t) = -5*t + 3. Let s be -1 + 15*(-20)/(-12). Suppose -2*i - s = 6*i. Calculate w(i).
18
Let l be (4/(-10))/(5/(-75)). Let q(n) = 2 - n - 3*n**2 - 3*n**2 + 4*n**3 - 3*n**3 + 2*n. Give q(l).
8
Let w(l) be the third derivative of -l**6/360 - l**5/24 - l**4/4 + 7*l**3/2 - 21*l**2. Let f(j) be the first derivative of w(j). What is f(-5)?
-6
Let b(a) = -a**2 - 1. Let x(k) = 15*k**2 + 4. Suppose -17*n + 12*n = -5. Let w(g) = n*x(g) + 5*b(g). Let z = -4 + 5. Calculate w(z).
9
Let f(r) = -299*r + 297*r - 43 + 39. Calculate f(-7).
10
Let n be 2 + (0 + 9 + 2)*-1. Let x(k) = k**2 + 10*k + 11. Give x(n).
2
Let s(q) be the third derivative of q**5/60 + 7*q**4/24 + 7*q**3/6 - 7*q**2 + q. Determine s(-6).
1
Let w(m) = -m**2 - 4*m - 1. Let c be w(-3). Let z(s) = -2 - 8*s**c + 5*s**2 + 6*s**2. Calculate z(-2).
10
Suppose -s = -2*k - k + 6, -5*s - k = -18. Suppose 0*w + w - 3 = -g, 4*w + s*g = 11. Let f(t) = 1 + 3*t**2 + t**w + 59*t - 61*t - t**3. Calculate f(4).
-7
Suppose -3*o - 3*u + 4*u = -15, 0 = 5*o + u - 33. Let h(d) = -d**2 + 7*d - 9. Calculate h(o).
-3
Let m(j) = 18*j**3 - 2*j**2 + 1. Let p be -12*(-2 - (-18)/12) + -5. What is m(p)?
17
Suppose -15*r + 19*r = 0. Suppose 2*q - 2*v = r, 0*q + 24 = 5*q + v. Let u(b) = -2*b + 4 + 5*b - b - b. Give u(q).
8
Let k(z) be the first derivative of -4*z**2 - 2 + 1/120*z**6 + 7/24*z**4 + 1/10*z**5 + 0*z + 1/6*z**3. Let p(d) be the second derivative of k(d). Give p(-5).
-9
Suppose -5*k - 4*l + 28 = 0, 6*k - 4*k - 18 = -5*l. Let u(b) = b + 1. Let n(p) = 8*p + 3. Let w(x) = n(x) - 5*u(x). Determine w(k).
10
Suppose 2*s + 5*b - 1 = 0, 5*s + 5*b + 2 = 4*s. Let m(w) = 0*w**2 + 2*w**3 + 3*w**3 + s*w**2 + 4 - 2*w - 4*w**3. Give m(-4).
-4
Let o(k) = k**2 + 16*k + 8. Let c be o(-15). Let q(j) be the first derivative of 3*j**2/2 + 10*j + 6. Determine q(c).
-11
Let z(j) = j**3 + 9*j**2 + j + 5. Let r = 6 - 15. Let y be z(r). Let k(p) = -p - 2. Give k(y).
2
Let o(f) = 6*f**2 - 10 - 75*f**3 + 77*f**3 + 8 - f**2 - 3*f**2. Calculate o(-3).
-38
Let y(n) be the second derivative of n**5/20 + n**4/2 - 4*n**3/3 + 5*n**2 + 6*n - 6. Determine y(-7).
17
Suppose -4*n + 10 = 5*y + n, -15 = 3*n. Let v(b) = 5 + 2 + 6*b + 0*b**2 - b**2. Calculate v(y).
0
Let f(j) = -j**3 + 2*j**2 + 3*j - 3. Let r(c) = -9*c + 48. Let p be r(5). Calculate f(p).
-3
Let c be -6 - (25/(-15))/((-2)/(-6)). Let i(k) = 6*k**2. Calculate i(c).
6
Let b(t) = -2*t + 12. Let z(d) = -3*d + 13. Let q(j) = 4*b(j) - 3*z(j). Let u = -24 - -16. Let r = -12 - u. Determine q(r).
5
Let u = 403 - 410. Let g(h) = 4*h**2 + 8*h + 3. Let s(c) = -3*c**2 - 7*c - 4. Let w(a) = -2*g(a) - 3*s(a). Determine w(u).
20
Let c = 386 - 385. Let x(a) = -6*a. Determine x(c).
-6
Let l(b) = 71*b - 24*b - 21*b - 29*b. Determine l(8).
-24
Let t(z) = 4*z - 2. Let f(u) = -u**2 - 41*u - 35. Let g be f(-40). Calculate t(g).
18
Let j(s) = s**2 - s - 3. Let z(o) = 2*o**2 - 2*o - 6. Let r(l) = 5*j(l) - 2*z(l). Calculate r(-5).
27
Let m(f) = -5*f**2 - 15*f + 8. Let t(x) = -14*x**2 - 44*x + 24. Let n(u) = 17*m(u) - 6*t(u). Determine n(7).
6
Let o(h) = h + 3538*h**2 + h**3 - 11 - 7094*h**2 + 3542*h**2. Give o(14).
3
Let v be -2*1/(-14)*(-1449)/(-4140). Let g(k) be the second derivative of -3/2*k**2 + 0 - 7*k + v*k**5 - 5/12*k**4 + k**3. Give g(4).
5
Let i be (-1 - 4)*(-42)/10. Suppose 2*d = 5*o - i, 0*o - 5*o = -d - 18. Let p(x) = 6*x**3 + 9 - o*x**3 - 5*x**3 + 3*x**3 + x**2. What is p(0)?
9
Let q(v) = -v**2 - 19*v - 65. Let x be q(-5). Let t(g) = g**2 + 2*g. Calculate t(x).
35
Let m(l) = 9*l - 9*l**2 - 3 + 1 + 4 - 17*l**3 - 4 + 18*l**3. Give m(8).
6
Let f(y) = -y**2 + 0*y - 1 - y - 5*y + 0*y. Let x be 45/18*12/(-10). Let a(g) = g - 2. Let w be a(x). What is f(w)?
4
Let b(r) = -3*r**2 - 4*r + 1. Let n(t) = -t**3 + 21*t**2 + 23*t - 25. Let f be n(22). Give b(f).
-14
Let u(s) = -42 + 92 - 46 + 2*s. Give u(-6).
-8
Let w(d) = -d + 7. Let o be w(5). Suppose o*y - 9 = -y. Let t(m) = -5 - y*m**2 - 4*m**2 - 8*m - m**3 + 0*m. What is t(-6)?
7
Let w be (1/3)/(1/(-15)). Let u(j) = 9*j - 2. Let x(p) = -13*p + 3. Let n(s) = w*x(s) - 7*u(s). Determine n(-2).
-5
Suppose -2*i = -i - 23. Let v = 23 - i. Let f(t) be the first derivative of t**4/4 - t**2/2 + 2*t + 1. What is f(v)?
2
Let v(p) = -p**2 + 5. Suppose -5*r - 59 = 2*n, -4*n + 5*r - 21 = 82. Let i be n - -30 - 6/2. Determine v(i).
5
Suppose -4*s = 2*a - 8, 2 = a - 2. Let t(j) = -3*j - 6. Let r(l) = -14*l - 24. Let m(w) = 2*r(w) - 9*t(w). What is m(s)?
6
Let m(l) = -4*l + 3. Let z = 73 + -71. Determine m(z).
-5
Let r(h) be the first derivative of h**3/3 - h**2 + h - 694. Give r(3).
4
Let s(b) be the second derivative of -b**4/2 + b**3/3 + b**2 - 199*b + 2. Give s(-1).
-6
Suppose 3*p - 4*p + 4*p = 0. Let r(c) = -c**3 + c**2 - c - 4. What is r(p)?
-4
Let c(o) = -2*o - 5. Let u(q) = 2*q**3 - 5*q**2 - 11*q + 29. Let l be u(3). Give c(l).
-15
Let h(x) = -2*x**2 - 18*x + 18. Let k be h(-10). Let r(u) = -2*u**2 - 3*u - 2. Calculate r(k).
-4
Let u = -9 + 6. Let p(a) = a**3 - a + 1. Let c(r) = 6*r - 245*r**2 - 5 - 5*r**3 + 244*r**2 - 2*r. Let y(f) = u*p(f) - c(f). Determine y(-2).
-8
Let i(v) = 3*v**2 + 6*v + 1. Let k(h) = -9*h**2 - 17*h - 3. Let s(c) = -17*i(c) - 6*k(c). Let b(u) = 148*u - 889. Let t be b(6). Give s(t).
4
Let u(h) be the third derivative of -h**4/12 - h**3/3 - 6*h**2. Suppose 3*l - 6 = -0*l. Suppose -4*b = b + 3*r + 4, -l*b = -r + 6. What is u(b)?
2
Let a(w) = -w**3 - 2*w**2 - 10. Let l(h) = -2*h**2 - 29*h - 17. Let p be l(-14). Determine a(p).
-1
Let p(r) = -4*r - 23. Let o be 24/(-3) + 8 - 5. Determine p(o).
-3
Suppose -3*n + 3 = r, -2 - 1 = -2*r - 3*n. Let j(g) = 0*g**2 - 2*g**2 + g**2 + 2 + g - 4. Give j(r).
-2
Let c(m) = 11*m**2 + 2*m - 1. Let h(j) = 5*j**2 - 29*j + 16. Let r(o) = o**2 - 6*o + 3. Let y(i) = -2*h(i) + 11*r(i). Let s be y(8). Calculate c(s).
12
Let s = 68 + -99. Let h = 37 + s. Let x(p) = 4*p**2 + 3 - 2*p**3 + h*p**2 - 4*p**2 + 3*p**3 + 7*p. What is x(-5)?
-7
Let b be -1*(-8)/(1 - 3). Let z = b + 1. Let o be z/(5/(-2) - -1). Let w(n) = n**3 - 2*n**2 - 4*n + 3. Determine w(o).
-5
Let u(s) = s**2 + 7*s - 14. Let n be (12/(-10))/(1